f h and i.
8
Let n(y) = 14*y + 1. Let t be n(2). Let d(w) = -161*w + 9 + 69*w + 35*w + 2*w**2 + 8. Let g be d(t). What is the highest common factor of g and 92?
46
Suppose 53*s = -18753 + 108376. What is the greatest common factor of s and 190?
19
Let p = 628 + -625. Suppose 4*j + 5*b - 1609 = 0, -p*j = b + 328 - 1543. Calculate the highest common factor of 14 and j.
14
Let d be ((-4)/(-2))/((-250)/(-739625)). Calculate the highest common divisor of d and 488.
61
Suppose 2*w + 22 = -3*k + 2, 29 = -3*w - 4*k. Let m(l) = -8*l - 16. Let u be m(w). Let t be (-16)/u + 272/5. What is the greatest common factor of t and 36?
18
Let o = -20101 - -20594. What is the greatest common divisor of 68 and o?
17
Let y be (-6 - (-78)/15)/(8/(-2620)). Calculate the highest common divisor of 1834 and y.
262
Suppose 8*a + 990 - 4310 = 0. What is the highest common divisor of 35 and a?
5
Suppose -26*q - 136 = -43*q. Suppose -q*o - 360 = -16*o. Calculate the highest common factor of 75 and o.
15
Let t = -893 + 993. Suppose 4*z + 137 = 5*j, -5*j - 2*z + 153 = 34. Calculate the greatest common factor of j and t.
25
Let f(l) = 3*l**3 - l**2. Let j(t) = 5*t**3 + 45*t**2 + 18. Let u(k) = -2*f(k) + j(k). Let d be u(47). What is the highest common factor of d and 3?
3
Let o be -8*4/12*(-47763)/18. Suppose 7*i + o = 36*i. Calculate the greatest common factor of 183 and i.
61
Let k(i) = 219*i + 13618. Let j be k(-12). Calculate the highest common factor of 30 and j.
10
Suppose -t + 72 = -5*o, -5*t = 5*o - 407 - 73. What is the greatest common factor of 276 and t?
92
Suppose 1622 = -19*c + 4510. Let s = -110 + c. Calculate the highest common divisor of 70 and s.
14
Suppose 226*i - 19847 - 171321 = -6*i. Calculate the highest common factor of 8 and i.
8
Let u be (-117)/18*(11 + (-19980)/156). Calculate the highest common divisor of 1 and u.
1
Let n = 3 - 5. Let d be n/(1 + 1)*-6. Let p(m) = -14*m**3 - 3*m**2 + 300*m + 301. Let v be p(-1). Calculate the greatest common factor of d and v.
6
Suppose 2*d + 0*d - 3860 = 0. Calculate the greatest common factor of d and 10.
10
Let q = -1497 - -1529. Suppose r + 224 = -r. Let m = q - r. Calculate the highest common divisor of 32 and m.
16
Let o(r) = -r + 76. Let y be o(10). Suppose 2*x + 3*j - 66 = -2*j, -2*x + y = -2*j. What is the highest common divisor of x and 44?
11
Let v = -590 + 572. Let y be (0 - -1)*v*5/(-3). What is the greatest common factor of y and 110?
10
Let y(b) = 2*b + 1. Let c be y(8). Suppose -20 = -c*r + 12*r. Suppose 215 = w - r*i, i = 6*i. What is the greatest common divisor of w and 86?
43
Suppose 5868*a = 5858*a + 4080. What is the highest common divisor of a and 4692?
204
Suppose -59*h + 6586 = 2515. Calculate the highest common divisor of 4025 and h.
23
Suppose -7*v = -0*v - 1197. Let d = 184 - v. Calculate the highest common divisor of d and 65.
13
Let u = -8493 - -8505. What is the greatest common divisor of 29364 and u?
12
Let y = -1659 - -1714. Calculate the greatest common divisor of y and 165.
55
Let t(j) = -34 + 57 + 11*j**2 - 34 - 8*j. Let u be t(-2). What is the greatest common factor of 7 and u?
7
Let a = 27 + -66. Let r = 43 + a. Suppose r*h + 2*q - 88 = 0, -2*q - q = -5*h + 88. Calculate the greatest common factor of h and 4.
4
Suppose 2*d - 560 = -2*f - f, -5*d + 5*f = -1400. Let n = d - 252. What is the greatest common factor of 448 and n?
28
Suppose -4*p + 3*c - 6 = -2, -2 = -5*p + 2*c. Let k be (36/2)/((-1)/p - -1). Let v be 16 + -19 - (-12 - 0). What is the greatest common divisor of v and k?
9
Suppose -4 = -4*l + 3*l. Let j = 16 - l. Suppose 0*t + j = 6*t. What is the greatest common factor of t and 2?
2
Suppose -6*x - 375 = -45. Let k = 91 + x. What is the greatest common factor of k and 828?
36
Let k = 5913 - 5738. What is the greatest common factor of 525 and k?
175
Suppose -57*s + 301 = -74 - 1905. Suppose -k - 2*w + 22 = 0, -w = 2*k + 5 - 46. What is the highest common divisor of k and s?
20
Let f be (5/(-2))/5*(7 - 5). Let o = 1 - f. What is the greatest common factor of o and 106?
2
Let w(a) = 3*a**2 - 6*a - 66. Let x be w(17). Let q = x - 697. Calculate the greatest common factor of q and 1.
1
Let o(j) = 8*j**2 - 1427*j + 1024. Let b be o(178). Let m(x) = x**3 + 2*x**2 - 2*x + 2. Let c be m(2). Calculate the greatest common factor of c and b.
14
Let z be (2 - -2) + (-1 - -2 - -22). Suppose z = -7*f - 15. Let u be -3*(256/f + -4). What is the greatest common factor of 40 and u?
20
Suppose -55 = -h + 2. Let w(x) be the first derivative of 4*x**3/3 - x**2 - x - 16. Let z be w(-2). What is the greatest common divisor of h and z?
19
Let l(g) = 2*g + 15. Let b be 0/3 + 12 + -16. Let t be l(b). Suppose 5*y = 5*w - 140, 5*w + 0*y = 3*y + 140. What is the greatest common factor of t and w?
7
Let l be 180/6*4876/265. What is the highest common divisor of 24 and l?
24
Let i = -29731 - -33131. Calculate the greatest common divisor of i and 2890.
170
Let d be -16*((-5649)/(-2))/(-7). Let j(g) = 7*g + 2*g + d - g**2 - 6412. Let c be j(10). What is the highest common divisor of c and 17?
17
Let m = -8487 + 9019. Calculate the highest common divisor of m and 418.
38
Let n be (-5)/((-30)/(-4))*-9. Suppose 3*l + 3*l - 30 = 0. Suppose l*y - 4*s + 7*s = 0, -4*s = 20. Calculate the highest common divisor of y and n.
3
Suppose 3*r - r = -44. Let b be (-8)/44 - 92/r. Suppose -s + 130 = b*u, 2*u - 9 = 1. Calculate the highest common divisor of s and 10.
10
Suppose -8 = -2*c + 4*y, y + 11 = 3*c - 4*y. Suppose -21 = k - 24. Suppose h + c*h - k = 0, 5*o = h + 174. Calculate the greatest common factor of 7 and o.
7
Suppose 5*q - 16*x = -18*x + 13, 3*q - 8 = -x. Let h = -14 + -2. Let b be 15/(-10)*h/q. What is the greatest common factor of b and 8?
8
Let m be ((9/6)/((-3)/1220))/(-2). Let t = -782 + 843. Calculate the highest common factor of m and t.
61
Let n(m) = m**3 - 10*m**2 + 9*m + 5. Let o be n(9). Suppose j + h - 28 = 0, 3*j + 15 = 3*h + 81. What is the highest common divisor of j and o?
5
Suppose 513 + 237 = 30*c. Suppose f = -4*w - 3*f - 8, 2*f = 4. Let d be (-30)/(-24)*w/(-1). What is the highest common factor of c and d?
5
Let d(j) = -2*j**3 - 15*j**2 + 9*j + 40. Let g be (-224)/70*10/4. Let a be d(g). Calculate the highest common factor of a and 544.
32
Let y(k) = k**3 + k**2 - 122. Let q be y(0). Let f = 191 + q. Let w(a) = 3*a**3 + 5*a**2 + a. Let x be w(2). Calculate the highest common divisor of f and x.
23
Suppose -3*z = 2*p - 14, -3*z - 7 - 28 = -5*p. Suppose p*h - 568 - 615 = 0. What is the highest common divisor of 26 and h?
13
Suppose 82*q + 304 = 98*q. Let a be (0 - -2)/((-4)/(-10)). Suppose -1 + 476 = a*i. What is the highest common divisor of i and q?
19
Let h be ((-969)/4)/(9*(-15)/180). What is the highest common divisor of h and 170?
17
Let o be (-138)/15 - 7/(105/12). Let z be 232/290 + (-1322)/o. What is the highest common factor of 76 and z?
19
Let q be (-2 + (-115)/(-35))*7. Suppose 0 = -2*k + 8*k - 162. Calculate the highest common factor of q and k.
9
Let o be -1 + -1 + 2 + 54. Suppose 432 = 3*x + 2*v, -3*v = 5*x - 311 - 409. What is the highest common divisor of x and o?
18
Let v(h) = h**3 - 11*h**2 + 9*h - 14. Let b be v(6). Let y be 1596/b*(-10)/6. Calculate the greatest common factor of 1501 and y.
19
Let b(f) = -43*f - 38. Let u(k) = -k + 1. Let p(o) = -b(o) - 5*u(o). Let m be p(7). Let h = -209 + m. Calculate the greatest common factor of 20 and h.
20
Let l = 14181 + -14142. What is the greatest common divisor of l and 39?
39
Let f = -17741 + 17931. What is the greatest common divisor of 990 and f?
10
Suppose -33 = -2*i + 11. Let n = 402 - 287. Let s = 181 - n. Calculate the greatest common divisor of s and i.
22
Let g = -18 + 29. Suppose -5*m + g = -4*m. Let f be (-560 + 604)/((-10)/(-3) - 2). What is the greatest common divisor of m and f?
11
Let v(i) = -105*i**3 + i**2 + 2*i + 1. Let u be v(-1). Let y be 0/(-7 - -4) - 6. Let s be (-25)/15*(y - 3). What is the highest common divisor of u and s?
15
Let o be 8/10 + (-232)/(-20)*-23. Let c = o - -280. What is the greatest common divisor of c and 77?
7
Suppose -29 - 77 = -2*g - 26. Calculate the highest common divisor of 32 and g.
8
Suppose -272 = 1023*t - 616 - 1702. Suppose -d + 246 = 2*d. What is the greatest common 